Dec 01 12:26:10.457 INFO testing kingoflolz/routing against master#8940af3cea4a9a9deabcaf843b2f8cad9a83fc61 for beta-1.31-5
Dec 01 12:26:10.457 INFO running `"docker" "create" "-v" "/mnt/big/crater/work/local/target-dirs/beta-1.31-5/worker-5/master#8940af3cea4a9a9deabcaf843b2f8cad9a83fc61:/target:rw,Z" "-v" "/mnt/big/crater/work/local/test-source/worker-5/beta-1.31-5/master#8940af3cea4a9a9deabcaf843b2f8cad9a83fc61:/source:ro,Z" "-v" "/mnt/big/crater/work/local/cargo-home:/cargo-home:ro,Z" "-v" "/mnt/big/crater/work/local/rustup-home:/rustup-home:ro,Z" "-e" "USER_ID=1000" "-e" "SOURCE_DIR=/source" "-e" "USER_ID=1000" "-e" "CMD=cargo +8940af3cea4a9a9deabcaf843b2f8cad9a83fc61-alt build --frozen" "-e" "CARGO_TARGET_DIR=/target" "-e" "CARGO_INCREMENTAL=0" "-e" "RUST_BACKTRACE=full" "-e" "RUSTFLAGS=--cap-lints=warn" "-e" "CARGO_HOME=/cargo-home" "-e" "RUSTUP_HOME=/rustup-home" "-m" "1536M" "--network" "none" "crater"`
Dec 01 12:26:10.740 INFO [stdout] cedbd5e9f310adc23604f8c11bfc445ee89108c23586cbc240364449fdef3ad4
Dec 01 12:26:10.742 INFO running `"docker" "start" "-a" "cedbd5e9f310adc23604f8c11bfc445ee89108c23586cbc240364449fdef3ad4"`
Dec 01 12:26:11.933 INFO [stderr] usermod: no changes
Dec 01 12:26:12.138 INFO [stderr]    Compiling typenum v1.9.0
Dec 01 12:26:12.138 INFO [stderr]    Compiling libc v0.2.33
Dec 01 12:26:12.149 INFO [stderr]    Compiling unicode-xid v0.0.4
Dec 01 12:26:12.150 INFO [stderr]    Compiling num-traits v0.1.40
Dec 01 12:26:12.150 INFO [stderr]    Compiling rustc-serialize v0.3.24
Dec 01 12:26:12.151 INFO [stderr]    Compiling serde v0.8.23
Dec 01 12:26:12.151 INFO [stderr]    Compiling quote v0.3.15
Dec 01 12:26:12.151 INFO [stderr]    Compiling approx v0.1.1
Dec 01 12:26:13.585 INFO [stderr]    Compiling matrixmultiply v0.1.14
Dec 01 12:26:14.258 INFO [stderr]    Compiling rawpointer v0.1.0
Dec 01 12:26:14.936 INFO [stderr]    Compiling nodrop v0.1.12
Dec 01 12:26:15.445 INFO [stderr]    Compiling ordermap v0.3.0
Dec 01 12:26:25.068 INFO [stderr]    Compiling clamp v0.1.0
Dec 01 12:26:25.096 INFO [stderr]    Compiling itoa v0.3.4
Dec 01 12:26:25.184 INFO [stderr]    Compiling fixedbitset v0.1.8
Dec 01 12:26:25.237 INFO [stderr]    Compiling serde v1.0.19
Dec 01 12:26:25.369 INFO [stderr]    Compiling dtoa v0.4.2
Dec 01 12:26:26.964 INFO [stderr]    Compiling smallvec v0.3.3
Dec 01 12:26:27.965 INFO [stderr]    Compiling synom v0.11.3
Dec 01 12:26:28.632 INFO [stderr]    Compiling rand v0.3.18
Dec 01 12:26:29.137 INFO [stderr]    Compiling time v0.1.38
Dec 01 12:26:30.802 INFO [stderr]    Compiling num-integer v0.1.35
Dec 01 12:26:33.842 INFO [stderr]    Compiling syn v0.11.11
Dec 01 12:26:53.369 INFO [stderr]    Compiling num-iter v0.1.34
Dec 01 12:26:53.459 INFO [stderr]    Compiling generic-array v0.2.1
Dec 01 12:26:53.923 INFO [stderr]    Compiling generic-array v0.8.3
Dec 01 12:26:53.923 INFO [stderr]    Compiling cgmath v0.14.1
Dec 01 12:26:57.627 INFO [stderr]    Compiling num-bigint v0.1.40
Dec 01 12:27:05.418 INFO [stderr]    Compiling num-complex v0.1.40
Dec 01 12:27:07.171 INFO [stderr]    Compiling serde_derive_internals v0.17.0
Dec 01 12:27:08.763 INFO [stderr]    Compiling alga v0.5.2
Dec 01 12:27:10.635 INFO [stderr]    Compiling serde_json v1.0.6
Dec 01 12:27:10.664 INFO [stderr]    Compiling num-rational v0.1.40
Dec 01 12:27:16.812 INFO [stderr]    Compiling nalgebra v0.12.3
Dec 01 12:27:19.751 INFO [stderr]    Compiling num v0.1.40
Dec 01 12:27:26.159 INFO [stderr]    Compiling serde_derive v1.0.19
Dec 01 12:27:40.172 INFO [stderr]    Compiling nalgebra v0.13.1
Dec 01 12:27:40.172 INFO [stderr]    Compiling petgraph v0.4.10
Dec 01 12:27:42.669 INFO [stderr] error[E0034]: multiple applicable items in scope
Dec 01 12:27:42.670 INFO [stderr]     --> /cargo-home/registry/src/github.com-1ecc6299db9ec823/petgraph-0.4.10/src/graph_impl/stable_graph/mod.rs:1173:19
Dec 01 12:27:42.670 INFO [stderr]      |
Dec 01 12:27:42.670 INFO [stderr] 1173 |         self.iter.find_map(|(i, node)| {
Dec 01 12:27:42.672 INFO [stderr]      |                   ^^^^^^^^ multiple `find_map` found
Dec 01 12:27:42.672 INFO [stderr]      |
Dec 01 12:27:42.672 INFO [stderr] note: candidate #1 is defined in an impl of the trait `iter_utils::IterUtilsExt` for the type `_`
Dec 01 12:27:42.675 INFO [stderr]     --> /cargo-home/registry/src/github.com-1ecc6299db9ec823/petgraph-0.4.10/src/iter_utils.rs:5:5
Dec 01 12:27:42.675 INFO [stderr]      |
Dec 01 12:27:42.675 INFO [stderr] 5    | /     fn find_map<F, R>(&mut self, mut f: F) -> Option<R>
Dec 01 12:27:42.675 INFO [stderr] 6    | |         where F: FnMut(Self::Item) -> Option<R>
Dec 01 12:27:42.675 INFO [stderr] 7    | |     {
Dec 01 12:27:42.675 INFO [stderr] 8    | |         while let Some(elt) = self.next() {
Dec 01 12:27:42.675 INFO [stderr] ...    |
Dec 01 12:27:42.675 INFO [stderr] 13   | |         None
Dec 01 12:27:42.675 INFO [stderr] 14   | |     }
Dec 01 12:27:42.675 INFO [stderr]      | |_____^
Dec 01 12:27:42.675 INFO [stderr]      = note: candidate #2 is defined in an impl of the trait `std::iter::Iterator` for the type `std::iter::Enumerate<_>`
Dec 01 12:27:42.675 INFO [stderr] 
Dec 01 12:27:42.704 INFO [stderr] error[E0034]: multiple applicable items in scope
Dec 01 12:27:42.711 INFO [stderr]     --> /cargo-home/registry/src/github.com-1ecc6299db9ec823/petgraph-0.4.10/src/graph_impl/stable_graph/mod.rs:1365:19
Dec 01 12:27:42.711 INFO [stderr]      |
Dec 01 12:27:42.711 INFO [stderr] 1365 |         self.iter.find_map(|(i, edge)|
Dec 01 12:27:42.711 INFO [stderr]      |                   ^^^^^^^^ multiple `find_map` found
Dec 01 12:27:42.711 INFO [stderr]      |
Dec 01 12:27:42.711 INFO [stderr] note: candidate #1 is defined in an impl of the trait `iter_utils::IterUtilsExt` for the type `_`
Dec 01 12:27:42.711 INFO [stderr]     --> /cargo-home/registry/src/github.com-1ecc6299db9ec823/petgraph-0.4.10/src/iter_utils.rs:5:5
Dec 01 12:27:42.711 INFO [stderr]      |
Dec 01 12:27:42.711 INFO [stderr] 5    | /     fn find_map<F, R>(&mut self, mut f: F) -> Option<R>
Dec 01 12:27:42.711 INFO [stderr] 6    | |         where F: FnMut(Self::Item) -> Option<R>
Dec 01 12:27:42.711 INFO [stderr] 7    | |     {
Dec 01 12:27:42.711 INFO [stderr] 8    | |         while let Some(elt) = self.next() {
Dec 01 12:27:42.711 INFO [stderr] ...    |
Dec 01 12:27:42.711 INFO [stderr] 13   | |         None
Dec 01 12:27:42.711 INFO [stderr] 14   | |     }
Dec 01 12:27:42.711 INFO [stderr]      | |_____^
Dec 01 12:27:42.711 INFO [stderr]      = note: candidate #2 is defined in an impl of the trait `std::iter::Iterator` for the type `std::iter::Enumerate<_>`
Dec 01 12:27:42.711 INFO [stderr] 
Dec 01 12:27:42.723 INFO [stderr] error[E0034]: multiple applicable items in scope
Dec 01 12:27:42.723 INFO [stderr]     --> /cargo-home/registry/src/github.com-1ecc6299db9ec823/petgraph-0.4.10/src/graph_impl/stable_graph/mod.rs:1529:19
Dec 01 12:27:42.723 INFO [stderr]      |
Dec 01 12:27:42.723 INFO [stderr] 1529 |         self.iter.find_map(|(i, node)| {
Dec 01 12:27:42.723 INFO [stderr]      |                   ^^^^^^^^ multiple `find_map` found
Dec 01 12:27:42.734 INFO [stderr]      |
Dec 01 12:27:42.735 INFO [stderr] note: candidate #1 is defined in an impl of the trait `iter_utils::IterUtilsExt` for the type `_`
Dec 01 12:27:42.735 INFO [stderr]     --> /cargo-home/registry/src/github.com-1ecc6299db9ec823/petgraph-0.4.10/src/iter_utils.rs:5:5
Dec 01 12:27:42.735 INFO [stderr]      |
Dec 01 12:27:42.735 INFO [stderr] 5    | /     fn find_map<F, R>(&mut self, mut f: F) -> Option<R>
Dec 01 12:27:42.735 INFO [stderr] 6    | |         where F: FnMut(Self::Item) -> Option<R>
Dec 01 12:27:42.735 INFO [stderr] 7    | |     {
Dec 01 12:27:42.735 INFO [stderr] 8    | |         while let Some(elt) = self.next() {
Dec 01 12:27:42.735 INFO [stderr] ...    |
Dec 01 12:27:42.735 INFO [stderr] 13   | |         None
Dec 01 12:27:42.735 INFO [stderr] 14   | |     }
Dec 01 12:27:42.735 INFO [stderr]      | |_____^
Dec 01 12:27:42.735 INFO [stderr]      = note: candidate #2 is defined in an impl of the trait `std::iter::Iterator` for the type `std::iter::Enumerate<_>`
Dec 01 12:27:42.735 INFO [stderr] 
Dec 01 12:27:42.755 INFO [stderr] error[E0034]: multiple applicable items in scope
Dec 01 12:27:42.755 INFO [stderr]     --> /cargo-home/registry/src/github.com-1ecc6299db9ec823/petgraph-0.4.10/src/graph_impl/stable_graph/mod.rs:1575:19
Dec 01 12:27:42.755 INFO [stderr]      |
Dec 01 12:27:42.755 INFO [stderr] 1575 |         self.iter.find_map(|(i, node)| {
Dec 01 12:27:42.755 INFO [stderr]      |                   ^^^^^^^^ multiple `find_map` found
Dec 01 12:27:42.755 INFO [stderr]      |
Dec 01 12:27:42.755 INFO [stderr] note: candidate #1 is defined in an impl of the trait `iter_utils::IterUtilsExt` for the type `_`
Dec 01 12:27:42.755 INFO [stderr]     --> /cargo-home/registry/src/github.com-1ecc6299db9ec823/petgraph-0.4.10/src/iter_utils.rs:5:5
Dec 01 12:27:42.755 INFO [stderr]      |
Dec 01 12:27:42.755 INFO [stderr] 5    | /     fn find_map<F, R>(&mut self, mut f: F) -> Option<R>
Dec 01 12:27:42.755 INFO [stderr] 6    | |         where F: FnMut(Self::Item) -> Option<R>
Dec 01 12:27:42.755 INFO [stderr] 7    | |     {
Dec 01 12:27:42.755 INFO [stderr] 8    | |         while let Some(elt) = self.next() {
Dec 01 12:27:42.755 INFO [stderr] ...    |
Dec 01 12:27:42.755 INFO [stderr] 13   | |         None
Dec 01 12:27:42.755 INFO [stderr] 14   | |     }
Dec 01 12:27:42.755 INFO [stderr]      | |_____^
Dec 01 12:27:42.755 INFO [stderr]      = note: candidate #2 is defined in an impl of the trait `std::iter::Iterator` for the type `std::iter::Enumerate<_>`
Dec 01 12:27:42.755 INFO [stderr] 
Dec 01 12:27:43.379 INFO [stderr] error: aborting due to 4 previous errors
Dec 01 12:27:43.379 INFO [stderr] 
Dec 01 12:27:43.379 INFO [stderr] For more information about this error, try `rustc --explain E0034`.
Dec 01 12:27:43.387 INFO [stderr] error: Could not compile `petgraph`.
Dec 01 12:27:43.387 INFO [stderr] warning: build failed, waiting for other jobs to finish...
Dec 01 12:28:23.018 INFO [stderr] error: build failed
Dec 01 12:28:23.022 INFO [stderr] su: No module specific data is present
Dec 01 12:28:23.328 INFO running `"docker" "inspect" "cedbd5e9f310adc23604f8c11bfc445ee89108c23586cbc240364449fdef3ad4"`
Dec 01 12:28:23.418 INFO running `"docker" "rm" "-f" "cedbd5e9f310adc23604f8c11bfc445ee89108c23586cbc240364449fdef3ad4"`
Dec 01 12:28:23.540 INFO [stdout] cedbd5e9f310adc23604f8c11bfc445ee89108c23586cbc240364449fdef3ad4
